mmon divisor of a and m?
23
Suppose 0 = -g + 6 + 12. Calculate the highest common divisor of g and 54.
18
Let o(a) = -a**3 + 6*a**2 + 3*a + 6. Let t be o(6). Suppose -5*s = 2*n + 2*n - 36, s = -5*n + t. Calculate the greatest common divisor of s and 20.
4
Suppose x = 4*u + 9 + 10, 0 = -x + 2*u + 11. What is the highest common divisor of x and 3?
3
Let g be 6 - (2 + -1 + -1). Suppose 0 = -2*d - 0 + g. What is the highest common factor of d and 9?
3
Suppose -66 - 564 = -5*j. Suppose 0 = 4*l + a - 200, 0 = -l - l + 4*a + 118. Suppose -l = -5*n + 19. What is the greatest common divisor of n and j?
14
Let o = 12 - -4. Calculate the highest common factor of 80 and o.
16
Let c be (-2)/6 - (-60)/(-9). Let n(q) = -q**3 - 6*q**2 + 4*q + 1. Let s be n(c). What is the greatest common divisor of s and 2?
2
Suppose -5*x = 4*j - 17, -2*x + 11 = 3*j - 0*x. Suppose 0 = -0*t + j*t - 63. Calculate the highest common divisor of t and 14.
7
Let c be ((-34)/(-4))/(6/(-12)). Let l(a) = -a**3 + 7*a**2 - a + 3. Let j be l(6). Let h = j + c. What is the greatest common factor of h and 4?
4
Suppose 2*w + 6 = 3*w. Suppose 0 = 5*r - 2*c - 49, -2*r - c = -w*r + 41. Calculate the greatest common divisor of r and 22.
11
Suppose -9*v - 105 = -14*v. What is the highest common divisor of v and 84?
21
Let a be (-6)/(-14) - 144/(-7). Suppose -429 = 3*n - 1122. What is the highest common factor of a and n?
21
Let g(i) = i**3 + 11*i**2 + 17*i - 3. Let u be g(-9). Let h = 103 - 61. Calculate the greatest common divisor of h and u.
6
Let c(s) = -21*s - 2. Let x be c(-1). Let m be x + (-3 - -4) - 2. Calculate the highest common divisor of m and 27.
9
Let a be (-5)/30 + (-26)/(-12). Suppose a*t = t + 8. Let q = -40 + 80. What is the greatest common factor of q and t?
8
Suppose 1188 = -2*l + 8*l. Calculate the greatest common divisor of 18 and l.
18
Let v = -91 - -211. What is the highest common factor of 80 and v?
40
Let m(d) = -4*d + 12. Let c be m(-6). Calculate the greatest common factor of 18 and c.
18
Let r = 7 + -4. Let q be 2/6 - 2/(-3). Suppose -r*c - 5*x + 16 = 0, -q + 9 = 4*x. Calculate the greatest common divisor of c and 3.
1
Let s(b) = 7*b - 3. Let u be s(6). Let p = 37 + -11. Calculate the highest common divisor of u and p.
13
Let g(j) = 4 - 2*j + 0 + j. Let d = 45 + -45. Let a be g(d). What is the highest common factor of 8 and a?
4
Let b = 25 - 26. Let n(g) = g**2 + 1 + 2*g**2 + g**2. Let d be n(b). Calculate the greatest common divisor of 5 and d.
5
Let p(n) = -6*n - 14. Let r be p(-9). What is the highest common factor of r and 5?
5
Suppose -2*h = 4*d + d - 30, 2*h - 6 = -2*d. What is the highest common factor of 72 and d?
8
Let w = -226 - -121. Let x be 189/(1 + -4)*1. Let t = x - w. What is the highest common divisor of 6 and t?
6
Suppose 4*r = 5*r + 4. Let n = 7 + r. Suppose -v - 4*v + 4*m + 32 = 0, -2*m - 18 = -n*v. Calculate the highest common factor of 8 and v.
4
Suppose -6*h + 50 = -h. Let n be (-12)/(-5) + (-6)/15. Suppose h = 7*j - n*j. What is the highest common factor of j and 5?
1
Suppose 3*k + 2*r - 94 = 0, 4*k - r - 79 = k. Suppose 3*t - 18 = -2*g - 0*t, -3*g + k = 4*t. What is the greatest common divisor of 4 and g?
4
Let f = 164 - 84. Let v = 31 - 15. Calculate the greatest common divisor of v and f.
16
Let w = 2 + 3. What is the greatest common factor of w and 10?
5
Suppose 0 = -u - 1 + 4. Suppose u*d + 0*y - y = 71, 0 = 4*y - 4. Calculate the greatest common factor of 8 and d.
8
Let s = 32 + -22. Suppose -j = 5*i + s, 2*i = -j - 0*i + 2. What is the highest common factor of 2 and j?
2
Let t(d) = -d**2 - 5*d + 8. Let q be t(-6). Suppose -4*m - 3*w = 2*w - 33, q*m - 29 = -5*w. Calculate the highest common factor of m and 10.
2
Let u(y) = y**2 - y + 8. Let p be u(4). Calculate the highest common divisor of p and 50.
10
Let n be (9 + 0)*(-4 + 84/9). Calculate the highest common factor of 64 and n.
16
Suppose 2*r - 4*r + 10 = 2*z, -5*r = -5*z + 5. Let c be (z - 4)/((-2)/8). Suppose 4*h - c = 3*h. Calculate the highest common divisor of 10 and h.
2
Let n(a) = a + 20. Let z be n(0). Let v = -12 + 9. Let d be -2 + 3*(-82)/v. Calculate the highest common divisor of d and z.
20
Suppose 0*b - 3*b + 48 = 0. Let c(m) = m**2 + 3*m - 2. Let o be c(-2). Let r(q) = -5*q + 4. Let j be r(o). Calculate the highest common divisor of b and j.
8
Let t(b) = -b**3 - 5*b**2 - 3*b - 7. Let m be t(-5). Suppose 4*h + 40 - 4 = 3*a, -31 = -2*a + 5*h. What is the greatest common factor of m and a?
8
Suppose -4*r + 7*r = 240. Suppose 5*a - 54 - 106 = 0. Calculate the highest common divisor of r and a.
16
Let j = -4 - -6. Suppose 7*f = 2*f - 5. Let v be (-2 - (f + -2))*8. Calculate the greatest common factor of v and j.
2
Let x = 56 - 35. Let l = x + -15. Let a be 3/(l/188) - -1. Calculate the highest common divisor of a and 19.
19
Let l be (1 + 1/4)*4. Suppose -l*i + 55 = -15. What is the highest common divisor of 70 and i?
14
Let z(v) = -2*v**2 - 6*v - 4. Let u be z(-4). Let a = u + 17. What is the highest common factor of 20 and a?
5
Let l = 1 - 15. Let j be (-200)/l + (-20)/70. Calculate the greatest common factor of j and 7.
7
Let s(z) = -z**3 - 4*z**2 - z. Let i be s(-4). Suppose 10*j - 30*j = -560. What is the highest common divisor of j and i?
4
Suppose 6*k - 2*s = 3*k + 6, 0 = s. Suppose 2*j = -k*j. Let l be (3 - -9) + (-1 - j). Calculate the highest common factor of l and 77.
11
Suppose 2*p - 5*c = -10*c + 135, -c - 228 = -3*p. Calculate the highest common factor of 30 and p.
15
Suppose 3 - 27 = o. Let c = 3 - o. Calculate the highest common divisor of c and 18.
9
Let k be 6/(-2 - (-14)/4). Suppose -4*n - n + 70 = k*c, 4*n - 2*c = 30. Let o be 6/5 - 2/n. What is the highest common factor of 1 and o?
1
Suppose -h - 2*h + 12 = 5*i, 4*i = -h + 4. Suppose 4*m - 4 = h. Suppose -520 = -3*g - m*g. Calculate the greatest common divisor of g and 13.
13
Let w(c) be the second derivative of c**3/6 - 6*c**2 - 7*c. Let f be w(16). Calculate the greatest common divisor of f and 1.
1
Let i = -4 - -5. Let d be i - -2*7*1. What is the greatest common factor of 105 and d?
15
Let n = 20 + -8. What is the greatest common factor of 12 and n?
12
Let m(z) = -z - 4. Let x be m(-6). Let d be (2/(-4))/(7/(-42)). Let w be (277 + -1)/d - x. Calculate the greatest common divisor of w and 18.
18
Let g be (1 + -2 - -2)*22. Let w be (6 - g)*1/(-2). Suppose k = 3, -3*r + 2*k + w = -4. What is the highest common factor of r and 42?
6
Let d = -144 + 12. Let n be (2/3)/((-8)/d). What is the highest common divisor of 77 and n?
11
Let v(j) = 8*j**2 + j - 13. Let q be v(-6). Suppose -q = 7*s - 857. What is the greatest common factor of s and 12?
12
Suppose -7*o + 12 = -4*o. What is the highest common divisor of 20 and o?
4
Suppose 3*s - 59 = -23. Calculate the highest common divisor of 30 and s.
6
Suppose -r - 4*z + 17 = 0, 2*r - 4*r = -5*z + 5. Let l(y) = 5*y - 7. Let s be l(r). What is the greatest common divisor of 12 and s?
6
Let y(j) = 25*j**3 + 3*j**2 - 2. Let d be y(1). What is the greatest common divisor of d and 4?
2
Suppose 11*l = 15*l - 96. What is the greatest common factor of 16 and l?
8
Let p be ((-24)/(-30))/((-2)/(-25)). Calculate the highest common divisor of 60 and p.
10
Suppose -4 = -3*h + h. Suppose -h*d - 7 - 2 = -5*b, d = -4*b + 2. Let g = 9 - b. Calculate the highest common divisor of g and 32.
8
Let u = -32 + 49. What is the greatest common factor of u and 17?
17
Let r = -2 - -8. Suppose r*b = b. Suppose b = 5*x - 175 + 25. What is the greatest common factor of 6 and x?
6
Let a(f) = -f**2 + 8*f. Let q be a(6). Let k(r) = 24*r + 6. Let n be k(-5). Let i = 210 + n. What is the highest common factor of q and i?
12
Let i be 44 + (-2 + 1)*2. Let c be 3/((-33)/42 - -1). Calculate the highest common factor of c and i.
14
Let o = 14 - -17. Let a = o - 15. What is the highest common factor of 2 and a?
2
Let x = 39 + 5. Let a(j) = 7*j - 122. Let q be a(19). Calculate the highest common divisor of x and q.
11
Let d(n) = 169*n - 25. Let i be d(1). Suppose -5*m = -a - 85, 4*m = -5*a - 10 + 107. Calculate the highest common factor of m and i.
18
Suppose -4*n - 12 = 12. Let f be (-9)/n*4*6. What is the highest common divisor of f and 4?
4
Let y be (-1 + (0 - -3))*8. Calculate the greatest common fa